e t(g). Suppose v - 351 = 7*b. What is the units digit of b?
8
Let m be 3/21 - (3 - 192/28). What is the hundreds digit of ((-250)/6)/((16/(-84))/m)?
8
Suppose 15*c - 17*c = 4*b - 16, 3*b = -4*c + 47. What is the tens digit of 15098/c + 28/49?
7
Let j be 4/(-26) + (-30)/(-26). Let d = -106 + 107. Suppose g - d = j. What is the units digit of g?
2
Suppose -19*f = -3*v - 20*f + 38, -5*f = -v + 34. Suppose v*u = 44*u - 8760. What is the hundreds digit of u?
2
Suppose -15 = 11*s - 16*s. Suppose 2*t - 117 = -s*o, -4 = 4*t + 8. Let p = 53 - o. What is the units digit of p?
2
Let d(k) be the third derivative of 13*k**4/2 - 45*k**3/2 - 249*k**2. What is the hundreds digit of d(7)?
9
Let p(u) = 255*u - 10. Suppose 2*y - 4*j = -j - 11, 3*j - 21 = -3*y. What is the tens digit of p(y)?
0
Suppose -155*k - 736245 = -6850325 - 4921455. What is the hundreds digit of k?
1
Suppose 0 = -36*k + 40*k + 5*n - 71828, 5*n + 53941 = 3*k. What is the thousands digit of k?
7
Let i = 46837 + -12700. What is the hundreds digit of i?
1
Let v be (-10)/5 - (6/3 + -2). Let m be -2 - -1 - -4 - v. Suppose 3*j = 2*f - 235, -m*f - 9 = j - 554. What is the tens digit of f?
1
Let x be (-1)/3 + (-32)/(-6). Suppose -50*i + 24876 = -24. Suppose -i = -x*s - 4*o, 0*o + 90 = s - 4*o. What is the units digit of s?
8
Let t = 162 - 142. Suppose t*h - 196 - 3524 = 0. What is the tens digit of h?
8
Suppose -n = -7*n + 18. Suppose 83 = -n*k - 112. Let w = 126 + k. What is the units digit of w?
1
Suppose -37*s = 3*s + 12240. Let k = s - -1670. What is the hundreds digit of k?
3
Let n be 32/14 + 10/(-35). Suppose -n*h + 7 + 3 = 0. Suppose -p = -h*p + 28. What is the units digit of p?
7
Let d(c) = 91*c - 21. Let h be (1*-3)/(1 + -5 + 3). What is the tens digit of d(h)?
5
Suppose 0*o - 9*o = -2637. Let j be -1 + 6 - 62/31. Suppose 4*z - j*x = 541, o = 2*z - 0*z + 3*x. What is the units digit of z?
9
Suppose 1355*h - 1342*h = 180440. What is the tens digit of h?
8
Let o(q) = -301*q**3 - 1. Let f be o(-1). Suppose 388*j + 318 = 444*j + 94. Suppose f = -j*t + 1012. What is the units digit of t?
8
Let b(s) = -11*s + 2877. Let v be b(0). Suppose -658*y = -651*y - v. What is the units digit of y?
1
Let x(b) = 2*b**2 - 31*b + 22. Let w(d) = 16*d**2 - 1. Let s be w(-1). Let h be x(s). Suppose 0 = -12*m + h*m + 945. What is the units digit of m?
9
Let a be (-15)/(-6) + 5/((-30)/3). Let z be (-5 - -4001)/a + 0. Suppose -4*c = 5*c - z. What is the units digit of c?
2
Let f(y) = 4539*y**2 - 3*y + 8. What is the units digit of f(-2)?
0
Suppose 0*i + 15 = 2*o + 3*i, 0 = -2*i + 2. Suppose -74 + 20 = -o*r. Suppose 2*y = 93 + r. What is the tens digit of y?
5
Let n(b) = b**2 - 2*b - 16. Let p be n(5). Let u be (6 + -2 - p) + (-5 - -4). Suppose u*q + 267 = 707. What is the hundreds digit of q?
1
Let s(v) = 3*v - 182. Let l be s(-36). Let k = -59 - l. What is the hundreds digit of k?
2
Let k = 41 - 39. Suppose 6*t + 2*a + 4 = 4*t, k*t = -a. Suppose -t*l + 5*f = -3*l + 122, 2*f = 2. What is the hundreds digit of l?
1
Let r(h) = -h**2 - 17*h + 14. Let s be r(-15). Suppose 0 = 4*w - 36 + s. What is the units digit of (-4)/1 + w + 95?
9
Let p(g) = 7*g**2 - 11*g + 678. Let h(c) = -5*c**2 + 10*c - 678. Let i(s) = -4*h(s) - 3*p(s). What is the hundreds digit of i(0)?
6
Let n = 11357 - 4543. What is the thousands digit of n?
6
Let z(l) = -2*l**3 + 30*l**2 + 33*l - 18. Let d be z(16). What is the hundreds digit of ((-13296)/144)/(1/(6/d))?
2
Suppose -4*b + 4*n + 498 + 578 = 0, 0 = 5*b - n - 1349. What is the units digit of b?
0
Let s = 75 - 73. Suppose -60 - 238 = s*a. Let p = a + 340. What is the units digit of p?
1
Suppose 10414 = -5*u + 3434. Let n = -994 - u. What is the tens digit of n?
0
Let j(t) = -2*t**3 - 24*t**2 + 11*t - 57. What is the tens digit of j(-18)?
3
What is the hundreds digit of 4/26 + ((-27764)/(-26) - -11)?
0
Let n be -1*3*1972/(-87). Suppose -n = -22*x + 5*x. Suppose 4*o + v - 614 = 0, 0 = x*o + 3*v - 180 - 430. What is the hundreds digit of o?
1
Let f = 62458 + -40030. What is the tens digit of f?
2
Suppose -87*w - 7 = -88*w. Let u(h) = -8*h**2 + h - 6. Let f(d) = -d**2 - d + 1. Let j(k) = 5*f(k) - u(k). What is the tens digit of j(w)?
1
Let f(h) = -12185*h + 67. Let b be f(-1). Suppose 25422 = 23*o - b. What is the units digit of o?
8
Let g = -118 - 132. Let k = g - -386. Suppose -j + k = j. What is the units digit of j?
8
Suppose 4*i - 2*f - 28 = 0, 4*f = 5*i + 6*f - 44. Let p be 6 - (1 - (-110)/10) - (1 - 13). Suppose i*r = p*r + 164. What is the tens digit of r?
8
Suppose a - 16863 = -5*r, -3*a - 4*r + 16863 = -2*a. What is the hundreds digit of a?
8
Let l = -4946 - -9716. What is the hundreds digit of l?
7
Let y = 30 - 28. Suppose y*j + 3*h = j + 2, -3*j + 5*h + 34 = 0. Let n = 37 - j. What is the units digit of n?
9
What is the tens digit of (2/(-11))/1 - ((-297060540)/385)/21?
4
Let v be ((-5)/(20/(-178)))/(2/4). Suppose -5*j + 2*j + 71 = 5*g, -2*j = -5*g - v. What is the tens digit of j?
3
Let x be 0 + 0 - 32/(16/(-2)). Suppose 5*r + 4*l = 518 + 1050, 2*l = -x*r + 1252. What is the hundreds digit of r?
3
Suppose 0 = 26*c - 1749 - 9743. Suppose -436*t + c*t = 1968. What is the hundreds digit of t?
3
Suppose 32*d - 7 = 57. Suppose -426 = 5*f + v - 3849, -d*v + 1366 = 2*f. What is the hundreds digit of f?
6
What is the tens digit of (-10)/6 - 1231866/(-27)?
2
Suppose -t = 4, -75*u = -77*u + t + 12404. What is the units digit of u?
0
Suppose y - 34 = h, y - 5*y - h = -116. Let p be (2 - -35) + (-2)/(-1). Suppose 47 + p = 5*u - b, 3*b = -u + y. What is the tens digit of u?
1
Let f be ((-15024)/(-54))/(-8) - 2/9. Let n = f - -204. What is the tens digit of n?
6
What is the ten thousands digit of (0 - 4/(-5))/(108/270) + 15792?
1
Let u = 42 + -40. Suppose 417 = 4*g + 3*p, u*p - 98 = 4*g - 5*g. Let c = 223 - g. What is the tens digit of c?
1
Suppose 504*y - 218916 = 477*y. What is the hundreds digit of y?
1
Let x = 56 - 52. Let j(g) = 11*g**2 + 5*g + 5. What is the hundreds digit of j(x)?
2
Suppose 0 = -3*f + 97827 - 14991. Suppose -38*b + f = -14. What is the units digit of b?
7
Let d be 2 - 4/(-8)*-16. What is the units digit of (-5)/(15/d) - (-789)/3?
5
Let r(j) = -2*j**3 - 7*j**2 - 2*j + 7. Let i be r(-2). Let g(z) be the third derivative of -5*z**4/3 + z**2. What is the units digit of g(i)?
0
Suppose 463 = 2*k + 4*p - 93, 5*k - 4*p - 1320 = 0. Let o = -81 + k. What is the units digit of o?
7
Let a(c) = 89*c**2 - 21*c + 21. What is the thousands digit of a(18)?
8
Let f(l) = 2*l**3 - 36*l**2 + 12*l - 42. Let d be f(20). Let r = d + -1127. What is the tens digit of r?
7
Let c be (-3)/12 - ((-345)/(-12) - 3). Let g = 138 + -64. Let n = g + c. What is the units digit of n?
8
Let l(g) = -1133*g**3 + 2*g**2 - 11. What is the units digit of l(-2)?
1
Suppose -3*d + 332 = -118. Suppose d = -6*x + 732. What is the tens digit of x?
9
Let y = 20851 - 18194. What is the hundreds digit of y?
6
Let z = -48958 + 69449. Suppose 42*i = z - 8647. What is the units digit of i?
2
Suppose -11*v = -9*v + 3110. Let x = 2421 + v. What is the units digit of x?
6
Suppose -1 = -3*g - 10. Let x(d) = -3*d**3 + 2*d**2 - 4*d - 10. Let f be x(g). Let i = -48 + f. What is the units digit of i?
3
Let x = 186 - 651. What is the tens digit of (-3 + 2)*x/((-12)/(-4))?
5
Let p be (-70)/7 - (-4 - (-1 + 1)). Let r(a) = 2*a + 20. Let x be r(p). Suppose z - 35 = x. What is the tens digit of z?
4
Suppose 29*v = 25*v - 16. Let l be (76/(-16))/(v/688) + 3. Suppose 0 = -0*j + 2*j + o - 329, -5*o + l = 5*j. What is the units digit of j?
5
Let y be (-3)/(-9) - (-644)/84. Suppose y*c - 35*c + 32022 = 0. What is the units digit of c?
6
Suppose 2*i - 18 = -q + 30, -82 = -3*i - 4*q. Suppose v = 3*c - i, c = 2*v + 2*v + 22. Suppose -c*r + 33 + 375 = 0. What is the units digit of r?
8
Let t(a) = -20*a + 141. Let m be t(7). Let i(d) = 1255*d**3 - 2*d**2 + 11*d - 9. What is the hundreds digit of i(m)?
2
Let v(a) = 19*a**2 + 4*a + 2. Let w be v(5). Suppose 108 = 5*k - w. What is the hundreds digit of k?
1
Suppose 2*w = 9*w + 1120. Let d = 404 + w. What is the units digit of d?
4
Suppose 1571*q - 1556*q - 588375 = 0. What is the ten thousands digit of q?
3
Let x(m) = -8*m - 6. Let j be x(-5). Let g = j + -31. Suppose 3*b - g*s = 129, 5*b - 148 = 2*s